o + 19 = 38. Let k(w) = w - 5. Give k(z).
-1
Let i(o) = o**3 + 2*o**2 + o + 2. Suppose -7*f - 12 = -2*f + 3*x, 0 = -2*f + 5*x + 20. Let s(q) = -1 - q + f + 1 - 1. Let u be s(2). Give i(u).
-10
Let h(w) = w**3 - 9*w**2 + 9*w - 17. Suppose 21*s - 6 = 19*s, 2*t = -5*s + 31. What is h(t)?
-9
Let a(c) be the first derivative of -3*c**2/2 - 4*c + 3. Suppose 10 = -3*z - 6*j + 5*j, 28 = -5*z + 4*j. What is a(z)?
8
Let s(j) be the first derivative of 5*j**2/2 + 3*j - 6. Let n(i) be the third derivative of i**4/24 + 2*i**3/3 - 2*i**2. Let f be n(-7). Give s(f).
-12
Let m(s) = -s**3 + 1. Let q(r) = -2*r**3 + 5*r**2 - 7*r + 11. Let u = 9 + -7. Suppose 0 = 4*f - 4*b, -b - u = 1. Let z(x) = f*m(x) + q(x). Calculate z(-6).
14
Let k = -21 + 34. Let a = k - 18. Let d(u) = u - 5. Calculate d(a).
-10
Let b(v) = 9*v - 11. Let p(u) = 5*u - 6. Let w(c) = 4*b(c) - 7*p(c). Suppose 0 = -7*s - 6*s + 104. Give w(s).
6
Let f be 3/(-12) - 92/16. Let p be (-7)/14 - 1/(-2). Let w(u) = p*u + 1 - 6*u - 9*u**2 + 0*u**3 + 2*u**2 - u**3. Determine w(f).
1
Let f = 1708 - 1706. Let c(m) = 4*m**3 + 1. Give c(f).
33
Let w(r) be the first derivative of r**4/24 - r**3/3 + 13*r**2/2 + 1. Let x(b) be the second derivative of w(b). Give x(3).
1
Let j(d) be the first derivative of 1/4*d**4 + 1 + d - 2/3*d**3 - 1/2*d**2. Determine j(3).
7
Let s(t) = 4*t - 3. Suppose -33*p + 38*p - 35 = 0. What is s(p)?
25
Let y(d) be the first derivative of -5*d**3 + d**2 - d + 25. Suppose 25 - 8 = 5*a - 3*q, 2*q = 2. Let b be 4*((-1)/(-1))/a. Calculate y(b).
-14
Let p(b) = b**3 + 7*b**2 + 5*b + 9. Let m(g) = 11*g + 126. Let k be m(-12). Determine p(k).
15
Let i(d) be the second derivative of -d**5/20 + 5*d**4/6 - 3*d**3/2 + 5*d**2/2 - 479*d. Let l be 1/2 + 17/2. Calculate i(l).
5
Suppose -9*p = 7*p - 80. Let i(b) be the first derivative of b**3/3 - 2*b**2 - 4*b - 1. Give i(p).
1
Let i(l) = -l**3 + 7*l**2 + 63*l + 15. Let s be i(-5). Let a(x) be the second derivative of 7/2*x**2 - 10*x - 1/6*x**3 + s. Determine a(6).
1
Suppose -5*t + 13*t = 40. Suppose 3*q - 8 = -q. Let p(x) = -1 + x**3 + t + 1 - 1 + q*x**2. Calculate p(-3).
-5
Let d(c) = 3*c**3 + 23*c - 6. Let y(f) = 2*f**3 + 15*f - 4. Let p(q) = -5*d(q) + 8*y(q). Give p(3).
40
Let v(d) be the first derivative of d**3/3 - d**2/2 + 2*d + 285. Determine v(-2).
8
Let o(y) = y + 2. Let s be (-2 - (-49)/(-7)) + 7. Give o(s).
0
Let r(x) = 5*x - 1. Let l = -33 - -35. Let o(i) = -i**3 + i**2 + 2*i + 1. Let n be o(l). Determine r(n).
4
Let r be (-272)/(-44) + (-6)/33. Let o(d) = d**2 - 6*d + 1. Let t be o(r). Let b(n) = -n - n**2 - 2*n**2 + 0*n**2. Give b(t).
-4
Let w = -22 + 24. Let x(p) be the first derivative of 5*p**2/2 - 3*p - 25. Give x(w).
7
Let z(f) = 3*f**3 - 5*f**2 + 6*f + 5. Let x(u) = -7*u**3 + 10*u**2 - 13*u - 10. Let y(k) = 2*x(k) + 5*z(k). Let a = 48 - 44. Determine y(a).
5
Let k(r) = 2*r**3 - 2*r**2 + 1. Let y(v) = v**2 + 4*v - 16. Let t be y(-7). Suppose t = -c, -n = -3*n + c + 9. Determine k(n).
9
Let v = 4 - 6. Let p(t) = -t**2 - 7*t - 2. Let n be p(v). Suppose -9 = -n*i + 5*i. Let k(j) = j**3 - 4*j**2 + j + 2. Give k(i).
-4
Let g(l) = -2*l - 2*l**2 - 3*l + 13*l - 2*l - 7*l. Give g(-2).
-6
Let z(g) be the first derivative of 1/6*g**3 - 2*g - 11 + 1/12*g**4 - 2*g**2. Let a(u) be the first derivative of z(u). Give a(3).
8
Let x be (-14)/7 - (-54)/2. Let l(a) = 3 - x*a + 24*a - 3. Give l(3).
-3
Let k be 14*-1 - (-5 + 2)*1. Let z = 10 + k. Let x(i) = i**3 + i**2 + 2*i + 1. Calculate x(z).
-1
Suppose c + 3*u + 0*u = -20, -3*u = -5*c - 154. Let o = c - -29. Let f(m) = m**2 - m + 4. What is f(o)?
4
Let z = 2139 - 2132. Let l(y) = y**3 - 6*y**2 - 6*y + 3. Determine l(z).
10
Let p be 1 + ((-3)/(-3) - -2). Suppose -4*y = p*b, -18 = 5*b + 2. Let m = 2 - y. Let u(x) = -x**3 - 2*x**2 - 1. Determine u(m).
-1
Let m(q) = -q**3 + q**2 - q + 1. Let y = 6 + -7. Let u(d) = -4*d**3 - d**2 - 7*d + 5. Let n(o) = y*u(o) + 3*m(o). Let c = 19 - 23. Give n(c).
-18
Let s(q) = 2*q**3 + q**2 - q - 2. Let j = -257 + 255. What is s(j)?
-12
Suppose -2*r - r = 0. Suppose -4*p - 3*q - 9 = r, -8 - 6 = 5*p + q. Let l be (-27)/p + (-3)/1. Let u(h) = -h**3 + 6*h**2 + 2*h + 1. Determine u(l).
13
Let m(t) = -t**2 - 15*t - 14. Let y be m(-14). Suppose -90 = -2*j + 2*a - 5*a, -j = -4*a - 67. Let l(z) = z + 0*z - j + 47. What is l(y)?
-4
Suppose 6*s = 4*s + 128. Let f = s + -66. Let n(d) = 2*d**2 + 2*d - 2. Determine n(f).
2
Suppose -5*k - 28 = 2*z, 6*z = -2*k + 5*z - 11. Let h(w) be the third derivative of -w**6/120 - w**5/12 + w**4/4 + w**3/3 - 4*w**2. What is h(k)?
2
Let h(c) = -20*c + 1. Let w(x) = x**3 - x + 2. Let q be w(2). Let f(g) = -13*g + 1. Let d(a) = q*f(a) - 5*h(a). Suppose 0 = -469*i + 448*i + 42. Determine d(i).
-5
Let h = -5 - -16. Let i(x) = -10*x - 1 + h*x - 1. Suppose -10*q = -12*q + 10. Determine i(q).
3
Let g(m) be the second derivative of -2*m**5/5 - m**4/6 + m**3/6 - 3*m. Let r = -21 - -13. Let a = 9 + r. Give g(a).
-9
Suppose -2*h + c + 100 = -4*c, -5*h + 284 = -4*c. Let m = 37 - -23. Let u(d) = -m + h - 4*d. Calculate u(3).
-12
Let g(p) be the first derivative of p**6/120 - p**5/15 + p**4/24 + 2*p**3/3 + 5*p**2/2 + 2. Let o(b) be the second derivative of g(b). What is o(3)?
-2
Let k(m) = 5*m - 5. Let w be k(2). Let n(u) = -2 + 3 + 2 - w + u**2. What is n(3)?
7
Let b(v) = 3*v - 13. Let t(c) = 3*c - 12. Let s(m) = -3*b(m) + 4*t(m). Let l = -14608 - -14616. Determine s(l).
15
Let a(x) = -29*x**3 + 711 - x - 356 + x - 356. What is a(-1)?
28
Let m be (-1)/((-27)/816) + (-22)/99. Let p be (3 - 13)*12/m. Let x(n) = 3*n + 1. Determine x(p).
-11
Let u(k) = k**3 + 4*k**2 + 4*k + 2. Let i(p) = p**3 + p**2 + p + 1. Let a = -72 - -73. Let g(j) = a*u(j) - 3*i(j). Let v be 1*(3 + (2 - 4)). What is g(v)?
-1
Suppose -4*m - 12 = 2*g, 0 = g + 3*m + 7 + 2. Let u(d) be the third derivative of -d**5/60 + 2*d**3 - 19*d**2 + 27*d. What is u(g)?
12
Let a(l) = 14*l**2 + 4. Let j(n) = -17*n**2 - 4. Let x(d) = 5*a(d) + 4*j(d). Determine x(-3).
22
Suppose -4*c = -2*k + 6, -k + 2 = k. Suppose -5*b + 2*b + 6 = 0. Let n(d) = -1 + 2 + 8*d**2 + 0*d**b - 2. What is n(c)?
7
Suppose -2*o = 4*g, -2*g - o + 8 = -2*o. Let i(t) = -28*t**2 - 127*t + 7. Let s(c) = -4*c**2 - 17*c + 1. Let y(r) = -2*i(r) + 15*s(r). What is y(g)?
-17
Let o = -256 + 413. Let g(c) = 157*c + c**2 - o*c + 5. Suppose -5 = -q - 5*z, -z - 5 = -2*q - 6*z. Give g(q).
5
Let s(n) = -n**2 + 4*n. Suppose -2*o - 16 = 2*l, 3*o - 2*o = 3*l + 4. Let a be (-1 - l)/(-1) - (-5 - 1). Determine s(a).
0
Let i(b) = 2*b**2 - 27*b - 142. Let z be i(-4). Let t(c) be the third derivative of c**4/12 + c**3/3 - c**2. Give t(z).
-2
Let c(d) be the first derivative of -7/3*d**3 - 3*d + 10 + 7/2*d**2 + 1/4*d**4. Suppose 2 = r + j - 1, -3*j - 27 = -3*r. What is c(r)?
3
Let l(h) = -h - 1826 + 901 + 895. What is l(-13)?
-17
Let m(l) = 4*l - 22. Let q be m(8). Let n(g) = q*g - 2 - 11*g + 3. Suppose 6*r - 9 = 3*r. What is n(r)?
-2
Let h = 64 - 59. Let p(j) = -4*j**2 - 2. Let y(r) = -3*r**2 - 2. Let n(a) = h*y(a) - 4*p(a). Calculate n(3).
7
Let l = 24 + 0. Suppose -2*v = -16 + l. Let g(a) = -a**3 - 4*a**2 - 2*a - 3. Calculate g(v).
5
Let l(a) = a + 8. Let j(n) = -6*n - 2. Let c be j(-1). Suppose 4*t - 5 = 5*v, c*t + 4*v = -v - 5. Determine l(t).
8
Let z(f) = 5*f**3 + 2*f**2 + 1. Let d(b) = 5*b**3 + 3*b**2 + 2. Let j(y) = -2*d(y) + 3*z(y). Give j(-1).
-6
Let n(i) = -i - 9. Let z(j) be the second derivative of j**3/6 + j**2/2 + j. Let p be z(-2). Let c = p + -4. Determine n(c).
-4
Let w(i) = 7*i + 2*i**2 - 8*i**2 - 10 + 7*i**2. Suppose y - 5*c - 17 = 5*y, -33 = 3*y - 3*c. Calculate w(y).
-2
Let g(w) = -w**3 - 4*w**2 + 4*w - 1. Suppose -7 - 78 = -5*p. Suppose 47 = n + p. Suppose -5*d = 2*m - 9 + n, -m = -3*d - 17. Calculate g(d).
4
Let h(b) = 1. Let l(s) = 2. Let u(q) = -13*h(q) + 6*l(q). Let d(x) = -x**2 + 6*x. Let j(y) = -d(y) - 4*u(y). Determine j(7).
11
Suppose -2*w + 5*u = 4*u, w = 3*u. Let i(m) = m - 10. Determine i(w).
-10
Let d(f) = 3*f**3 + 15011*f - 4*f**2 - f**2 - 15008*f - 2 - f**3. Give d(3).
16
Let b(t) = t + 5. Let w = -12 - -63. Let c = 46 - w. Calculate b(c).
0
Let m(t) = -t**2 - 11*t - 25. Let n be m(-6). Suppose -n*h - 10 = 3*u + u, -16 = -3*h + 2*u. Let z(v) = v + 1. Give z(h).
3
Let x(a) = -7*a + 52. Let b be x(8). Let h(q) = -4*q**3 + 8*q*